What is the thousands digit of 1449?
1
What is the units digit of 413?
3
What is the thousands digit of 7935?
7
What is the thousands digit of 131924?
1
What is the hundreds digit of 459?
4
What is the tens digit of 902?
0
What is the hundreds digit of 296?
2
What is the tens digit of 2341?
4
What is the ten thousands digit of 111712?
1
What is the hundreds digit of 6402?
4
What is the thousands digit of 4229?
4
What is the units digit of 4152?
2
What is the units digit of 97750?
0
What is the thousands digit of 2713?
2
What is the hundreds digit of 695?
6
What is the hundreds digit of 1087?
0
What is the hundreds digit of 5854?
8
What is the thousands digit of 2332?
2
What is the units digit of 861?
1
What is the ten thousands digit of 14221?
1
What is the hundreds digit of 720?
7
What is the ten thousands digit of 82827?
8
What is the tens digit of 57180?
8
What is the thousands digit of 109176?
9
What is the tens digit of 36268?
6
What is the units digit of 972?
2
What is the units digit of 408?
8
What is the tens digit of 492?
9
What is the units digit of 5717?
7
What is the units digit of 505?
5
What is the thousands digit of 2000?
2
What is the thousands digit of 3680?
3
What is the hundreds digit of 51873?
8
What is the tens digit of 23104?
0
What is the units digit of 14310?
0
What is the tens digit of 5753?
5
What is the units digit of 7355?
5
What is the thousands digit of 2039?
2
What is the hundreds digit of 24668?
6
What is the units digit of 57899?
9
What is the thousands digit of 15217?
5
What is the units digit of 1118?
8
What is the hundreds digit of 383?
3
What is the units digit of 1725?
5
What is the units digit of 4904?
4
What is the units digit of 48905?
5
What is the thousands digit of 6573?
6
What is the thousands digit of 5852?
5
What is the thousands digit of 1480?
1
What is the thousands digit of 3163?
3
What is the ten thousands digit of 81464?
8
What is the tens digit of 3431?
3
What is the hundred thousands digit of 144444?
1
What is the hundred thousands digit of 139555?
1
What is the tens digit of 23?
2
What is the thousands digit of 2588?
2
What is the hundreds digit of 7260?
2
What is the hundreds digit of 1065?
0
What is the tens digit of 2453?
5
What is the hundreds digit of 560?
5
What is the units digit of 7646?
6
What is the hundreds digit of 1786?
7
What is the units digit of 10879?
9
What is the hundreds digit of 20208?
2
What is the tens digit of 3735?
3
What is the hundred thousands digit of 135761?
1
What is the tens digit of 507?
0
What is the tens digit of 760?
6
What is the ten thousands digit of 22517?
2
What is the thousands digit of 120690?
0
What is the hundreds digit of 4323?
3
What is the tens digit of 864?
6
What is the hundreds digit of 970?
9
What is the tens digit of 918?
1
What is the units digit of 6320?
0
What is the hundreds digit of 932?
9
What is the ten thousands digit of 158093?
5
What is the tens digit of 22862?
6
What is the units digit of 15773?
3
What is the units digit of 12474?
4
What is the units digit of 240?
0
What is the ten thousands digit of 18002?
1
What is the hundreds digit of 3100?
1
What is the units digit of 3693?
3
What is the units digit of 4222?
2
What is the ten thousands digit of 152614?
5
What is the thousands digit of 3831?
3
What is the ten thousands digit of 17604?
1
What is the tens digit of 107319?
1
What is the ten thousands digit of 51174?
5
What is the units digit of 1326?
6
What is the thousands digit of 11580?
1
What is the hundreds digit of 8560?
5
What is the hundreds digit of 723?
7
What is the thousands digit of 1712?
1
What is the units digit of 4090?
0
What is the units digit of 22299?
9
What is the units digit of 428?
8
What is the hundreds digit of 10033?
0
What is the thousands digit of 1331?
1
What is the hundreds digit of 3333?
3
What is the hundreds digit of 3219?
2
What is the hundreds digit of 40327?
3
What is the hundreds digit of 40063?
0
What is the thousands digit of 4411?
4
What is the hundreds digit of 20153?
1
What is the tens digit of 1711?
1
What is the hundreds digit of 2346?
3
What is the hundreds digit of 4502?
5
What is the ten thousands digit of 30702?
3
What is the ten thousands digit of 63272?
6
What is the ten thousands digit of 13456?
1
What is the hundreds digit of 799?
7
What is the units digit of 1284?
4
What is the ten thousands digit of 71129?
7
What is the units digit of 789?
9
What is the units digit of 523?
3
What is the tens digit of 110?
1
What is the hundreds digit of 250?
2
What is the tens digit of 67801?
0
What is the thousands digit of 9436?
9
What is the hundreds digit of 27394?
3
What is the units digit of 10907?
7
What is the hundreds digit of 7430?
4
What is the hundreds digit of 1798?
7
What is the units digit of 6936?
6
What is the thousands digit of 2562?
2
What is the thousands digit of 16235?
6
What is the thousands digit of 6502?
6
What is the ten thousands digit of 39637?
3
What is the thousands digit of 3718?
3
What is the hundreds digit of 9711?
7
What is the tens digit of 31532?
3
What is the tens digit of 3431?
3
What is the ten thousands digit of 37333?
3
What is the tens digit of 1402?
0
What is the units digit of 976?
6
What is the tens digit of 681?
8
What is the units digit of 1639?
9
What is the tens digit of 6703?
0
What is the units digit of 37?
7
What is the tens digit of 10053?
5
What is the units digit of 708?
8
What is the units digit of 6606?
6
What is the units digit of 37?
7
What is the tens digit of 3068?
6
What is the thousands digit of 12207?
2
What is the units digit of 43299?
9
What is the tens digit of 33201?
0
What is the units digit of 9265?
5
What is the tens digit of 944?
4
What is the units digit of 573?
3
What is the tens digit of 8627?
2
What is the units digit of 2474?
4
What is the units digit of 1572?
2
What is the ten thousands digit of 57445?
5
What is the tens digit of 1096?
9
What is the units digit of 20778?
8
What is the hundreds digit of 794?
7
What is the ten thousands digit of 28972?
2
What is the units digit of 2311?
1
What is the thousands digit of 4904?
4
What is the thousands digit of 2712?
2
What is the units digit of 192?
2
What is the tens digit of 1215?
1
What is the units digit of 6274?
4
What is the units digit of 1210?
0
What is the units digit of 22376?
6
What is the tens digit of 36394?
9
What is the units digit of 59118?
8
What is the tens digit of 15333?
3
What is the hundreds digit of 50538?
5
What is the units digit of 63714?
4
What is the tens digit of 2768?
6
What is the tens digit of 77?
7
What is the units digit of 132917?
7
What is the units digit of 32?
2
What is the tens digit of 7334?
3
What is the tens digit of 5038?
3
What is the thousands digit of 2562?
2
What is the tens digit of 3961?
6
What is the units digit of 679?
9
What is the units digit of 5690?
0
What is the units digit of 383?
3
What is the units digit of 97367?
7
What is the tens digit of 6295?
9
What is the hundreds digit of 1394?
3
What is the ten thousands digit of 18402?
1
What is the units digit of 3616?
6
What is the thousands digit of 1520?
1
What is the units digit of 16554?
4
What is the tens digit of 12393?
9
What is the hundreds digit of 1760?
7
What is the tens digit of 9206?
0
What is the units digit of 2721?
1
What is the hundreds digit of 197063?
0
What is the hundreds digit of 1547?
5
What is the tens digit of 113?
1
What is the tens digit of 4755?
5
What is the hundreds digit of 169?
1
What is the tens digit of 51339?
3
What is the thousands digit of 8655?
8
What is the tens digit of 525?
2
What is the units digit of 9225?
5
What is the units digit of 6941?
1
What is the tens digit of 6193?
9
What is the tens digit of 11598?
9
What is the hundred thousands digit of 144117?
1
What is the hundreds digit of 1339?
3
What is the units digit of 1110?
0
What is the thousands digit of 2749?
2
What is the units digit of 4480?
0
What is the tens digit of 7765?
6
What is the units digit of 7056?
6
What is the tens digit of 1826?
2
What is the hundreds digit of 1149?
1
What is the thousands digit of 5432?
5
What is the hundreds digit of 3209?
2
What is the units digit of 2038?
8
What is the thousands digit of 2061?
2
What is the hundreds digit of 